{"id":1245,"date":"2022-09-01T19:46:40","date_gmt":"2022-09-01T19:46:40","guid":{"rendered":"https:\/\/blog.obrashow.com.br\/?page_id=1245"},"modified":"2023-02-03T18:59:06","modified_gmt":"2023-02-03T18:59:06","slug":"estamos-construindo-uma-das-maiores-comunidades-da-area-da-construcao-civil","status":"publish","type":"page","link":"https:\/\/blog.obrashow.com.br\/index.php\/estamos-construindo-uma-das-maiores-comunidades-da-area-da-construcao-civil\/","title":{"rendered":"QUEM SOMOS"},"content":{"rendered":"\t\t<div data-elementor-type=\"wp-page\" data-elementor-id=\"1245\" class=\"elementor elementor-1245\">\n\t\t\t\t\t\t\t\t\t<section class=\"elementor-section elementor-top-section elementor-element elementor-element-23528e1c elementor-section-boxed elementor-section-height-default elementor-section-height-default\" data-id=\"23528e1c\" data-element_type=\"section\">\n\t\t\t\t\t\t<div class=\"elementor-container elementor-column-gap-default\">\n\t\t\t\t\t<div class=\"elementor-column elementor-col-100 elementor-top-column elementor-element elementor-element-5dde8d53\" data-id=\"5dde8d53\" data-element_type=\"column\">\n\t\t\t<div class=\"elementor-widget-wrap elementor-element-populated\">\n\t\t\t\t\t\t\t\t<div class=\"elementor-element elementor-element-28afacb elementor-widget elementor-widget-heading\" data-id=\"28afacb\" data-element_type=\"widget\" data-widget_type=\"heading.default\">\n\t\t\t\t<div class=\"elementor-widget-container\">\n\t\t\t<style>\/*! elementor - v3.10.2 - 29-01-2023 *\/\n.elementor-heading-title{padding:0;margin:0;line-height:1}.elementor-widget-heading .elementor-heading-title[class*=elementor-size-]>a{color:inherit;font-size:inherit;line-height:inherit}.elementor-widget-heading .elementor-heading-title.elementor-size-small{font-size:15px}.elementor-widget-heading .elementor-heading-title.elementor-size-medium{font-size:19px}.elementor-widget-heading .elementor-heading-title.elementor-size-large{font-size:29px}.elementor-widget-heading .elementor-heading-title.elementor-size-xl{font-size:39px}.elementor-widget-heading .elementor-heading-title.elementor-size-xxl{font-size:59px}<\/style><h2 class=\"elementor-heading-title elementor-size-default\"><span style=\"font-weight: 700; color: rgb(68, 68, 68); font-family: &quot;Source Sans Pro&quot;; font-size: 32px; letter-spacing: 1.2px; text-align: center; white-space: normal; background-color: rgb(255, 255, 255); display: inline !important; float: none;\">Estamos construindo uma das maiores comunidades da \u00e1rea da Constru\u00e7\u00e3o Civil!<\/span><\/h2>\t\t<\/div>\n\t\t\t\t<\/div>\n\t\t\t\t<div class=\"elementor-element elementor-element-7c4014f elementor-widget elementor-widget-image\" data-id=\"7c4014f\" data-element_type=\"widget\" data-widget_type=\"image.default\">\n\t\t\t\t<div class=\"elementor-widget-container\">\n\t\t\t<style>\/*! elementor - v3.10.2 - 29-01-2023 *\/\n.elementor-widget-image{text-align:center}.elementor-widget-image a{display:inline-block}.elementor-widget-image a img[src$=\".svg\"]{width:48px}.elementor-widget-image img{vertical-align:middle;display:inline-block}<\/style>\t\t\t\t\t\t\t\t\t\t\t\t<img loading=\"lazy\" decoding=\"async\" width=\"768\" height=\"384\" src=\"https:\/\/blog.obrashow.com.br\/wp-content\/uploads\/2022\/09\/image00010-scaled-e1662061273718-768x384.jpeg\" class=\"attachment-medium_large size-medium_large wp-image-1250\" alt=\"equipe obra show - delivery da constru\u00e7\u00e3o civil\" srcset=\"https:\/\/blog.obrashow.com.br\/wp-content\/uploads\/2022\/09\/image00010-scaled-e1662061273718-768x384.jpeg 768w, https:\/\/blog.obrashow.com.br\/wp-content\/uploads\/2022\/09\/image00010-scaled-e1662061273718-300x150.jpeg 300w, https:\/\/blog.obrashow.com.br\/wp-content\/uploads\/2022\/09\/image00010-scaled-e1662061273718-1024x512.jpeg 1024w, https:\/\/blog.obrashow.com.br\/wp-content\/uploads\/2022\/09\/image00010-scaled-e1662061273718-1536x768.jpeg 1536w, https:\/\/blog.obrashow.com.br\/wp-content\/uploads\/2022\/09\/image00010-scaled-e1662061273718-2048x1024.jpeg 2048w\" sizes=\"auto, (max-width: 768px) 100vw, 768px\" \/>\t\t\t\t\t\t\t\t\t\t\t\t\t\t\t<\/div>\n\t\t\t\t<\/div>\n\t\t\t\t<div class=\"elementor-element elementor-element-5dfe21b5 elementor-widget elementor-widget-text-editor\" data-id=\"5dfe21b5\" data-element_type=\"widget\" data-widget_type=\"text-editor.default\">\n\t\t\t\t<div class=\"elementor-widget-container\">\n\t\t\t<style>\/*! elementor - v3.10.2 - 29-01-2023 *\/\n.elementor-widget-text-editor.elementor-drop-cap-view-stacked .elementor-drop-cap{background-color:#818a91;color:#fff}.elementor-widget-text-editor.elementor-drop-cap-view-framed .elementor-drop-cap{color:#818a91;border:3px solid;background-color:transparent}.elementor-widget-text-editor:not(.elementor-drop-cap-view-default) .elementor-drop-cap{margin-top:8px}.elementor-widget-text-editor:not(.elementor-drop-cap-view-default) .elementor-drop-cap-letter{width:1em;height:1em}.elementor-widget-text-editor .elementor-drop-cap{float:left;text-align:center;line-height:1;font-size:50px}.elementor-widget-text-editor .elementor-drop-cap-letter{display:inline-block}<\/style>\t\t\t\t<p><!-- wp:heading {\"textAlign\":\"center\"} --><\/p>\n<p class=\"has-text-align-center\"><span style=\"color: var( --e-global-color-text ); font-family: var( --e-global-typography-text-font-family ), Sans-serif; font-weight: var( --e-global-typography-text-font-weight ); font-size: 16px; letter-spacing: 0px;\">O Obra Show nasceu para revolucionar o setor da constru\u00e7\u00e3o civil do pa\u00eds atrav\u00e9s de um<\/span><strong style=\"color: var( --e-global-color-text ); font-family: var( --e-global-typography-text-font-family ), Sans-serif; font-size: 16px; letter-spacing: 0px;\"> marketplace completo<\/strong><span style=\"color: var( --e-global-color-text ); font-family: var( --e-global-typography-text-font-family ), Sans-serif; font-weight: var( --e-global-typography-text-font-weight ); font-size: 16px; letter-spacing: 0px;\"> e focado em materiais de constru\u00e7\u00e3o.&nbsp;<\/span><\/p>\n<p><!-- \/wp:paragraph --><\/p>\n<p><!-- wp:paragraph --><\/p>\n<p>Por conta dessa escassez no setor, nos tornamos o primeiro marketplace com \u00eanfase em materiais e produtos de constru\u00e7\u00e3o civil do pa\u00eds.<\/p>\n<p><!-- \/wp:paragraph --><\/p>\n<p><!-- wp:paragraph --><\/p>\n<p>E vamos al\u00e9m, temos como prop\u00f3sito promover o profissional da constru\u00e7\u00e3o civil e acelerar a digitaliza\u00e7\u00e3o desse mercado.&nbsp;&nbsp;<\/p>\n<figure class=\"wp-block-gallery has-nested-images columns-default is-cropped\">\n<p><!-- \/wp:image --><\/p>\n<\/figure>\n<p><!-- \/wp:gallery --><\/p>\n<p><!-- wp:paragraph --><\/p>\n<p>Mas sem deixar de honrar com a nossa miss\u00e3o, que \u00e9 responder a pergunta que muitos se fazem na hora de construir ou reformar: <strong><a href=\"https:\/\/blog.obrashow.com.br\/index.php\/category\/obra-e-reforma\/\">Como economizar na compra de materiais de constru\u00e7\u00e3o e reforma<\/a>?<\/strong><\/p>\n<p><!-- \/wp:paragraph --><\/p>\n<p><!-- wp:paragraph --><\/p>\n<p>Simples, somos uma <strong>tradicional casa de constru\u00e7\u00e3o que atua de forma 100% online e com entregas por todo Brasil! <\/strong><\/p>\n<p><!-- \/wp:paragraph --><\/p>\n<p><!-- wp:paragraph --><\/p>\n<p>Concentrado na busca pelos melhores pre\u00e7os em materiais de constru\u00e7\u00e3o, como por exemplo: areia, cimento, piso, tinta, cano, materiais el\u00e9tricos, ferramentas, entre outros.&nbsp;<\/p>\n<p><!-- \/wp:paragraph --><\/p>\n<p><!-- wp:paragraph --><\/p>\n<p>S\u00e3o milhares de produtos como esses dispon\u00edveis para reforma, manuten\u00e7\u00e3o ou limpeza de obras, onde nossos clientes podem escolher parcelar por suas compras, efetuar pagamentos por cart\u00e3o (aceitamos as principais as bandeiras), boleto ou PIX, seja por nosso aplicativo ou pela web.&nbsp;<\/p>\n<p><!-- \/wp:paragraph --><\/p>\n<p><!-- wp:paragraph --><\/p>\n<p>Atualmente, nossos maiores polos de venda est\u00e3o nas cidades de S\u00e3o Paulo\/Capital, Curitiba\/PR, Belo Horizonte\/MG e Maring\u00e1\/PR, mas nossa entrega abrange todo o territ\u00f3rio nacional.<\/p>\n<p><!-- \/wp:paragraph --><\/p>\n<p><!-- wp:paragraph --><\/p>\n<p>Potenciais clientes podem usufruir da<strong> agilidade de entrega e pre\u00e7os justos do norte ao sul do pa\u00eds!<\/strong><\/p>\n<p><!-- \/wp:paragraph --><\/p>\n<p><!-- wp:paragraph --><\/p>\n<p>Podem aproveitar tamb\u00e9m todas as nossas promo\u00e7\u00f5es, como: ofertas rel\u00e2mpagos, cupons de descontos, cupons com frete gr\u00e1tis, cupons de primeira compra, produtos com ofertas de fecha m\u00eas, descontos inacredit\u00e1veis de Black Friday e muitos outros para dar um boom na na constru\u00e7\u00e3o.<\/p>\n<p><!-- \/wp:paragraph --><\/p>\n<p><!-- wp:paragraph --><\/p>\n<p>E em breve nossos clientes ter\u00e3o mais benef\u00edcios, como cashback em materiais de constru\u00e7\u00e3o!<\/p>\n<p><!-- \/wp:paragraph --><\/p>\n<p><!-- wp:paragraph --><\/p>\n<p>Ent\u00e3o se antes n\u00e3o sabia como economizar ou estava enrolando na troca do seu chuveiro el\u00e9trico, o momento de aproveitar melhor seu dinheiro e tomar aquele t\u00e3o desejado banho quentinho chegou.<\/p>\n<p><!-- \/wp:paragraph --><\/p>\n<p><!-- wp:paragraph --><\/p>\n<p>Fa\u00e7a como as milhares de pessoas no Brasil, conclu\u00eda sua obra ou reforma gastando pouco e recebendo em casa, com total seguran\u00e7a e economizando comprando pelo <strong><a href=\"https:\/\/www.obrashow.com.br\/inicio\">Obra Show<\/a>!<\/strong><\/p>\n<p><strong>&nbsp;<\/strong><strong style=\"color: var( --e-global-color-text ); font-family: var( --e-global-typography-text-font-family ), Sans-serif; letter-spacing: 0px;\">Entre no nosso <a href=\"https:\/\/chat.whatsapp.com\/KTVAmO80twX2C0qlwTewyd\">grupo de WhatsApp<\/a><\/strong><span style=\"color: var( --e-global-color-text ); font-family: var( --e-global-typography-text-font-family ), Sans-serif; font-weight: var( --e-global-typography-text-font-weight ); letter-spacing: 0px;\"> e receba promo\u00e7\u00f5es imperd\u00edveis.<\/span><\/p>\n<p><!-- \/wp:paragraph --><\/p>\t\t\t\t\t\t<\/div>\n\t\t\t\t<\/div>\n\t\t\t\t\t<\/div>\n\t\t<\/div>\n\t\t\t\t\t\t\t<\/div>\n\t\t<\/section>\n\t\t\t\t\t\t\t<\/div>\n\t\t","protected":false},"excerpt":{"rendered":"<p>Estamos construindo uma das maiores comunidades da \u00e1rea da Constru\u00e7\u00e3o Civil! O Obra Show nasceu para revolucionar o setor da constru\u00e7\u00e3o civil do pa\u00eds atrav\u00e9s de um marketplace completo e focado em materiais de constru\u00e7\u00e3o.&nbsp; Por conta dessa escassez no &hellip; <a class=\"kt-excerpt-readmore more-link\" href=\"https:\/\/blog.obrashow.com.br\/index.php\/estamos-construindo-uma-das-maiores-comunidades-da-area-da-construcao-civil\/\">Read More<\/a><\/p>\n","protected":false},"author":2,"featured_media":0,"parent":0,"menu_order":0,"comment_status":"closed","ping_status":"closed","template":"","meta":{"footnotes":""},"class_list":["post-1245","page","type-page","status-publish","hentry"],"yoast_head":"<!-- This site is optimized with the Yoast SEO plugin v19.14 - https:\/\/yoast.com\/wordpress\/plugins\/seo\/ -->\n<title>QUEM SOMOS - Blog Obra Show<\/title>\n<meta name=\"description\" content=\"O Obra Show nasceu para revolucionar o setor da constru\u00e7\u00e3o civil do pa\u00eds atrav\u00e9s de um marketplace completo e focado em materiais de constru\u00e7\u00e3o.\" \/>\n<meta name=\"robots\" content=\"index, follow, max-snippet:-1, max-image-preview:large, max-video-preview:-1\" \/>\n<link rel=\"canonical\" href=\"https:\/\/blog.obrashow.com.br\/index.php\/estamos-construindo-uma-das-maiores-comunidades-da-area-da-construcao-civil\/\" \/>\n<meta property=\"og:locale\" content=\"pt_BR\" \/>\n<meta property=\"og:type\" content=\"article\" \/>\n<meta property=\"og:title\" content=\"QUEM SOMOS - Blog Obra Show\" \/>\n<meta property=\"og:description\" content=\"O Obra Show nasceu para revolucionar o setor da constru\u00e7\u00e3o civil do pa\u00eds atrav\u00e9s de um marketplace completo e focado em materiais de constru\u00e7\u00e3o.\" \/>\n<meta property=\"og:url\" content=\"https:\/\/blog.obrashow.com.br\/index.php\/estamos-construindo-uma-das-maiores-comunidades-da-area-da-construcao-civil\/\" \/>\n<meta property=\"og:site_name\" content=\"Blog Obra Show\" \/>\n<meta property=\"article:publisher\" content=\"https:\/\/www.facebook.com\/appobrashow\" \/>\n<meta property=\"article:modified_time\" content=\"2023-02-03T18:59:06+00:00\" \/>\n<meta property=\"og:image\" content=\"https:\/\/blog.obrashow.com.br\/wp-content\/uploads\/2022\/09\/image00010-scaled-e1662061273718-768x384.jpeg\" \/>\n<meta name=\"twitter:card\" content=\"summary_large_image\" \/>\n<meta name=\"twitter:label1\" content=\"Est. tempo de leitura\" \/>\n\t<meta name=\"twitter:data1\" content=\"3 minutos\" \/>\n<script type=\"application\/ld+json\" class=\"yoast-schema-graph\">{\"@context\":\"https:\/\/schema.org\",\"@graph\":[{\"@type\":\"WebPage\",\"@id\":\"https:\/\/blog.obrashow.com.br\/index.php\/estamos-construindo-uma-das-maiores-comunidades-da-area-da-construcao-civil\/\",\"url\":\"https:\/\/blog.obrashow.com.br\/index.php\/estamos-construindo-uma-das-maiores-comunidades-da-area-da-construcao-civil\/\",\"name\":\"QUEM SOMOS - Blog Obra Show\",\"isPartOf\":{\"@id\":\"https:\/\/blog.obrashow.com.br\/#website\"},\"datePublished\":\"2022-09-01T19:46:40+00:00\",\"dateModified\":\"2023-02-03T18:59:06+00:00\",\"description\":\"O Obra Show nasceu para revolucionar o setor da constru\u00e7\u00e3o civil do pa\u00eds atrav\u00e9s de um marketplace completo e focado em materiais de constru\u00e7\u00e3o.\",\"breadcrumb\":{\"@id\":\"https:\/\/blog.obrashow.com.br\/index.php\/estamos-construindo-uma-das-maiores-comunidades-da-area-da-construcao-civil\/#breadcrumb\"},\"inLanguage\":\"pt-BR\",\"potentialAction\":[{\"@type\":\"ReadAction\",\"target\":[\"https:\/\/blog.obrashow.com.br\/index.php\/estamos-construindo-uma-das-maiores-comunidades-da-area-da-construcao-civil\/\"]}]},{\"@type\":\"BreadcrumbList\",\"@id\":\"https:\/\/blog.obrashow.com.br\/index.php\/estamos-construindo-uma-das-maiores-comunidades-da-area-da-construcao-civil\/#breadcrumb\",\"itemListElement\":[{\"@type\":\"ListItem\",\"position\":1,\"name\":\"In\u00edcio\",\"item\":\"https:\/\/blog.obrashow.com.br\/\"},{\"@type\":\"ListItem\",\"position\":2,\"name\":\"QUEM SOMOS\"}]},{\"@type\":\"WebSite\",\"@id\":\"https:\/\/blog.obrashow.com.br\/#website\",\"url\":\"https:\/\/blog.obrashow.com.br\/\",\"name\":\"Blog Obra Show\",\"description\":\"\",\"publisher\":{\"@id\":\"https:\/\/blog.obrashow.com.br\/#organization\"},\"potentialAction\":[{\"@type\":\"SearchAction\",\"target\":{\"@type\":\"EntryPoint\",\"urlTemplate\":\"https:\/\/blog.obrashow.com.br\/?s={search_term_string}\"},\"query-input\":\"required name=search_term_string\"}],\"inLanguage\":\"pt-BR\"},{\"@type\":\"Organization\",\"@id\":\"https:\/\/blog.obrashow.com.br\/#organization\",\"name\":\"Obra Show\",\"url\":\"https:\/\/blog.obrashow.com.br\/\",\"logo\":{\"@type\":\"ImageObject\",\"inLanguage\":\"pt-BR\",\"@id\":\"https:\/\/blog.obrashow.com.br\/#\/schema\/logo\/image\/\",\"url\":\"https:\/\/blog.obrashow.com.br\/wp-content\/uploads\/2022\/06\/logo.png\",\"contentUrl\":\"https:\/\/blog.obrashow.com.br\/wp-content\/uploads\/2022\/06\/logo.png\",\"width\":151,\"height\":54,\"caption\":\"Obra Show\"},\"image\":{\"@id\":\"https:\/\/blog.obrashow.com.br\/#\/schema\/logo\/image\/\"},\"sameAs\":[\"https:\/\/www.linkedin.com\/company\/obra-show-delivery-da-construo\/\",\"https:\/\/www.youtube.com\/channel\/UC1tBCnnHbp4jtMplojYCDCA\",\"https:\/\/www.facebook.com\/appobrashow\"]}]}<\/script>\n<!-- \/ Yoast SEO plugin. -->","yoast_head_json":{"title":"QUEM SOMOS - Blog Obra Show","description":"O Obra Show nasceu para revolucionar o setor da constru\u00e7\u00e3o civil do pa\u00eds atrav\u00e9s de um marketplace completo e focado em materiais de constru\u00e7\u00e3o.","robots":{"index":"index","follow":"follow","max-snippet":"max-snippet:-1","max-image-preview":"max-image-preview:large","max-video-preview":"max-video-preview:-1"},"canonical":"https:\/\/blog.obrashow.com.br\/index.php\/estamos-construindo-uma-das-maiores-comunidades-da-area-da-construcao-civil\/","og_locale":"pt_BR","og_type":"article","og_title":"QUEM SOMOS - Blog Obra Show","og_description":"O Obra Show nasceu para revolucionar o setor da constru\u00e7\u00e3o civil do pa\u00eds atrav\u00e9s de um marketplace completo e focado em materiais de constru\u00e7\u00e3o.","og_url":"https:\/\/blog.obrashow.com.br\/index.php\/estamos-construindo-uma-das-maiores-comunidades-da-area-da-construcao-civil\/","og_site_name":"Blog Obra Show","article_publisher":"https:\/\/www.facebook.com\/appobrashow","article_modified_time":"2023-02-03T18:59:06+00:00","og_image":[{"url":"https:\/\/blog.obrashow.com.br\/wp-content\/uploads\/2022\/09\/image00010-scaled-e1662061273718-768x384.jpeg"}],"twitter_card":"summary_large_image","twitter_misc":{"Est. tempo de leitura":"3 minutos"},"schema":{"@context":"https:\/\/schema.org","@graph":[{"@type":"WebPage","@id":"https:\/\/blog.obrashow.com.br\/index.php\/estamos-construindo-uma-das-maiores-comunidades-da-area-da-construcao-civil\/","url":"https:\/\/blog.obrashow.com.br\/index.php\/estamos-construindo-uma-das-maiores-comunidades-da-area-da-construcao-civil\/","name":"QUEM SOMOS - Blog Obra Show","isPartOf":{"@id":"https:\/\/blog.obrashow.com.br\/#website"},"datePublished":"2022-09-01T19:46:40+00:00","dateModified":"2023-02-03T18:59:06+00:00","description":"O Obra Show nasceu para revolucionar o setor da constru\u00e7\u00e3o civil do pa\u00eds atrav\u00e9s de um marketplace completo e focado em materiais de constru\u00e7\u00e3o.","breadcrumb":{"@id":"https:\/\/blog.obrashow.com.br\/index.php\/estamos-construindo-uma-das-maiores-comunidades-da-area-da-construcao-civil\/#breadcrumb"},"inLanguage":"pt-BR","potentialAction":[{"@type":"ReadAction","target":["https:\/\/blog.obrashow.com.br\/index.php\/estamos-construindo-uma-das-maiores-comunidades-da-area-da-construcao-civil\/"]}]},{"@type":"BreadcrumbList","@id":"https:\/\/blog.obrashow.com.br\/index.php\/estamos-construindo-uma-das-maiores-comunidades-da-area-da-construcao-civil\/#breadcrumb","itemListElement":[{"@type":"ListItem","position":1,"name":"In\u00edcio","item":"https:\/\/blog.obrashow.com.br\/"},{"@type":"ListItem","position":2,"name":"QUEM SOMOS"}]},{"@type":"WebSite","@id":"https:\/\/blog.obrashow.com.br\/#website","url":"https:\/\/blog.obrashow.com.br\/","name":"Blog Obra Show","description":"","publisher":{"@id":"https:\/\/blog.obrashow.com.br\/#organization"},"potentialAction":[{"@type":"SearchAction","target":{"@type":"EntryPoint","urlTemplate":"https:\/\/blog.obrashow.com.br\/?s={search_term_string}"},"query-input":"required name=search_term_string"}],"inLanguage":"pt-BR"},{"@type":"Organization","@id":"https:\/\/blog.obrashow.com.br\/#organization","name":"Obra Show","url":"https:\/\/blog.obrashow.com.br\/","logo":{"@type":"ImageObject","inLanguage":"pt-BR","@id":"https:\/\/blog.obrashow.com.br\/#\/schema\/logo\/image\/","url":"https:\/\/blog.obrashow.com.br\/wp-content\/uploads\/2022\/06\/logo.png","contentUrl":"https:\/\/blog.obrashow.com.br\/wp-content\/uploads\/2022\/06\/logo.png","width":151,"height":54,"caption":"Obra Show"},"image":{"@id":"https:\/\/blog.obrashow.com.br\/#\/schema\/logo\/image\/"},"sameAs":["https:\/\/www.linkedin.com\/company\/obra-show-delivery-da-construo\/","https:\/\/www.youtube.com\/channel\/UC1tBCnnHbp4jtMplojYCDCA","https:\/\/www.facebook.com\/appobrashow"]}]}},"_links":{"self":[{"href":"https:\/\/blog.obrashow.com.br\/index.php\/wp-json\/wp\/v2\/pages\/1245","targetHints":{"allow":["GET"]}}],"collection":[{"href":"https:\/\/blog.obrashow.com.br\/index.php\/wp-json\/wp\/v2\/pages"}],"about":[{"href":"https:\/\/blog.obrashow.com.br\/index.php\/wp-json\/wp\/v2\/types\/page"}],"author":[{"embeddable":true,"href":"https:\/\/blog.obrashow.com.br\/index.php\/wp-json\/wp\/v2\/users\/2"}],"replies":[{"embeddable":true,"href":"https:\/\/blog.obrashow.com.br\/index.php\/wp-json\/wp\/v2\/comments?post=1245"}],"version-history":[{"count":10,"href":"https:\/\/blog.obrashow.com.br\/index.php\/wp-json\/wp\/v2\/pages\/1245\/revisions"}],"predecessor-version":[{"id":1484,"href":"https:\/\/blog.obrashow.com.br\/index.php\/wp-json\/wp\/v2\/pages\/1245\/revisions\/1484"}],"wp:attachment":[{"href":"https:\/\/blog.obrashow.com.br\/index.php\/wp-json\/wp\/v2\/media?parent=1245"}],"curies":[{"name":"wp","href":"https:\/\/api.w.org\/{rel}","templated":true}]}}